 the tens digit of 37324?
2
What is the ten thousands digit of 12111?
1
What is the hundreds digit of 625?
6
What is the tens digit of 13307?
0
What is the units digit of 29072?
2
What is the units digit of 17892?
2
What is the tens digit of 446?
4
What is the tens digit of 136?
3
What is the units digit of 597?
7
What is the hundreds digit of 24063?
0
What is the hundreds digit of 108527?
5
What is the tens digit of 1364?
6
What is the units digit of 386?
6
What is the units digit of 54619?
9
What is the units digit of 13053?
3
What is the tens digit of 54061?
6
What is the units digit of 714?
4
What is the units digit of 1381?
1
What is the tens digit of 2702?
0
What is the hundreds digit of 8192?
1
What is the tens digit of 2855?
5
What is the units digit of 3064?
4
What is the units digit of 2351?
1
What is the units digit of 15583?
3
What is the thousands digit of 78142?
8
What is the units digit of 6079?
9
What is the ten thousands digit of 21462?
2
What is the tens digit of 9741?
4
What is the units digit of 36681?
1
What is the units digit of 6570?
0
What is the hundreds digit of 5734?
7
What is the tens digit of 8452?
5
What is the units digit of 810?
0
What is the thousands digit of 2566?
2
What is the tens digit of 3667?
6
What is the tens digit of 2935?
3
What is the hundreds digit of 515?
5
What is the tens digit of 9627?
2
What is the tens digit of 18482?
8
What is the tens digit of 32020?
2
What is the thousands digit of 4743?
4
What is the thousands digit of 51861?
1
What is the thousands digit of 20127?
0
What is the units digit of 4318?
8
What is the hundreds digit of 39287?
2
What is the thousands digit of 19188?
9
What is the units digit of 4240?
0
What is the hundreds digit of 1358?
3
What is the units digit of 57682?
2
What is the ten thousands digit of 15511?
1
What is the tens digit of 2473?
7
What is the hundreds digit of 6046?
0
What is the hundreds digit of 1198?
1
What is the hundreds digit of 1160?
1
What is the hundreds digit of 103213?
2
What is the units digit of 4556?
6
What is the tens digit of 24525?
2
What is the thousands digit of 137048?
7
What is the thousands digit of 1232?
1
What is the units digit of 4985?
5
What is the units digit of 557?
7
What is the thousands digit of 1814?
1
What is the units digit of 1322?
2
What is the units digit of 40?
0
What is the thousands digit of 12290?
2
What is the tens digit of 987?
8
What is the ten thousands digit of 13354?
1
What is the units digit of 5249?
9
What is the hundreds digit of 87187?
1
What is the hundreds digit of 6574?
5
What is the hundreds digit of 16961?
9
What is the tens digit of 266?
6
What is the ten thousands digit of 60491?
6
What is the tens digit of 1811?
1
What is the ten thousands digit of 12842?
1
What is the units digit of 2093?
3
What is the ten thousands digit of 74316?
7
What is the units digit of 1296?
6
What is the units digit of 3405?
5
What is the thousands digit of 1486?
1
What is the hundreds digit of 419?
4
What is the tens digit of 2482?
8
What is the hundreds digit of 317?
3
What is the units digit of 8944?
4
What is the hundreds digit of 862?
8
What is the hundreds digit of 1035?
0
What is the ten thousands digit of 25813?
2
What is the ten thousands digit of 16690?
1
What is the tens digit of 1385?
8
What is the tens digit of 1001?
0
What is the tens digit of 30205?
0
What is the hundreds digit of 9294?
2
What is the tens digit of 1192?
9
What is the ten thousands digit of 50197?
5
What is the hundreds digit of 230?
2
What is the units digit of 446?
6
What is the units digit of 798?
8
What is the units digit of 353?
3
What is the hundreds digit of 12329?
3
What is the tens digit of 92?
9
What is the units digit of 2315?
5
What is the units digit of 22263?
3
What is the tens digit of 6850?
5
What is the ten thousands digit of 82978?
8
What is the hundreds digit of 4507?
5
What is the tens digit of 37?
3
What is the tens digit of 3555?
5
What is the hundreds digit of 1361?
3
What is the units digit of 342?
2
What is the units digit of 5820?
0
What is the ten thousands digit of 10931?
1
What is the hundreds digit of 105572?
5
What is the thousands digit of 32544?
2
What is the hundreds digit of 11024?
0
What is the tens digit of 9054?
5
What is the units digit of 30451?
1
What is the hundreds digit of 886?
8
What is the ten thousands digit of 70027?
7
What is the hundreds digit of 105166?
1
What is the units digit of 5558?
8
What is the tens digit of 297?
9
What is the tens digit of 6752?
5
What is the hundreds digit of 955?
9
What is the units digit of 1395?
5
What is the hundreds digit of 817?
8
What is the tens digit of 1462?
6
What is the units digit of 3086?
6
What is the units digit of 537?
7
What is the tens digit of 4737?
3
What is the units digit of 3548?
8
What is the units digit of 4561?
1
What is the thousands digit of 3320?
3
What is the units digit of 10?
0
What is the units digit of 83714?
4
What is the thousands digit of 45955?
5
What is the thousands digit of 10667?
0
What is the tens digit of 28?
2
What is the tens digit of 714?
1
What is the units digit of 41393?
3
What is the units digit of 4181?
1
What is the units digit of 880?
0
What is the tens digit of 7782?
8
What is the hundreds digit of 335?
3
What is the tens digit of 4813?
1
What is the units digit of 2080?
0
What is the hundreds digit of 473?
4
What is the thousands digit of 15289?
5
What is the tens digit of 625?
2
What is the units digit of 2635?
5
What is the tens digit of 69264?
6
What is the tens digit of 30976?
7
What is the units digit of 416?
6
What is the units digit of 108?
8
What is the thousands digit of 1288?
1
What is the tens digit of 22741?
4
What is the tens digit of 382?
8
What is the tens digit of 5155?
5
What is the tens digit of 623?
2
What is the thousands digit of 17891?
7
What is the units digit of 37625?
5
What is the tens digit of 12397?
9
What is the units digit of 254?
4
What is the thousands digit of 4512?
4
What is the units digit of 21215?
5
What is the tens digit of 39399?
9
What is the hundreds digit of 309?
3
What is the units digit of 487?
7
What is the tens digit of 549?
4
What is the hundreds digit of 5332?
3
What is the units digit of 159?
9
What is the tens digit of 28?
2
What is the tens digit of 2462?
6
What is the ten thousands digit of 15845?
1
What is the thousands digit of 11663?
1
What is the thousands digit of 1147?
1
What is the thousands digit of 1534?
1
What is the ten thousands digit of 14414?
1
What is the ten thousands digit of 57865?
5
What is the units digit of 857?
7
What is the tens digit of 25117?
1
What is the thousands digit of 4724?
4
What is the tens digit of 577?
7
What is the thousands digit of 19245?
9
What is the tens digit of 96961?
6
What is the hundreds digit of 76014?
0
What is the thousands digit of 28361?
8
What is the ten thousands digit of 14579?
1
What is the hundreds digit of 1178?
1
What is the tens digit of 1621?
2
What is the units digit of 72?
2
What is the tens digit of 911?
1
What is the ten thousands digit of 28447?
2
What is the thousands digit of 30728?
0
What is the hundreds digit of 29201?
2
What is the hundreds digit of 347?
3
What is the tens digit of 464?
6
What is the thousands digit of 111749?
1
What is the units digit of 3670?
0
What is the units digit of 132729?
9
What is the hundreds digit of 9840?
8
What is the tens digit of 248?
4
What is the tens digit of 5530?
3
What is the hundreds digit of 76002?
0
What is the hundreds digit of 396?
3
What is the tens digit of 75587?
8
What is the thousands digit of 1864?
1
What is the tens digit of 72374?
7
What is the units digit of 3356?
6
What is the units digit of 17925?
5
What is the hundreds digit of 13148?
1
What is the thousands digit of 3529?
3
What is the thousands digit of 1060?
1
What is the hundreds digit of 8603?
6
What is the hundreds digit of 15907?
9
What is the hundreds digit of 45872?
8
What is the thousands digit of 9339?
9
What is the tens digit of 109738?
3
What is the tens digit of 75?
7
What is the tens digit of 497?
9
What is the tens digit of 5799?
9
What is the tens digit of 4165?
6
What is the tens digit of 19405?
0
What is the thousands digit of 9718?
9
What is the tens digit of 